?
2
What is the hundreds digit of 4614?
6
What is the ten thousands digit of 17379?
1
What is the tens digit of 1507?
0
What is the hundreds digit of 1721?
7
What is the thousands digit of 34436?
4
What is the thousands digit of 1016?
1
What is the thousands digit of 12328?
2
What is the tens digit of 5437?
3
What is the hundreds digit of 5702?
7
What is the hundred thousands digit of 107058?
1
What is the units digit of 36767?
7
What is the units digit of 4114?
4
What is the thousands digit of 4268?
4
What is the thousands digit of 5002?
5
What is the ten thousands digit of 32086?
3
What is the tens digit of 113582?
8
What is the ten thousands digit of 79278?
7
What is the tens digit of 513?
1
What is the tens digit of 241?
4
What is the hundreds digit of 248?
2
What is the thousands digit of 4312?
4
What is the hundreds digit of 286?
2
What is the thousands digit of 13145?
3
What is the tens digit of 898?
9
What is the tens digit of 565?
6
What is the ten thousands digit of 11280?
1
What is the tens digit of 10340?
4
What is the units digit of 1137?
7
What is the thousands digit of 3598?
3
What is the ten thousands digit of 23700?
2
What is the tens digit of 4512?
1
What is the tens digit of 606?
0
What is the ten thousands digit of 22940?
2
What is the thousands digit of 87379?
7
What is the tens digit of 23333?
3
What is the ten thousands digit of 83016?
8
What is the thousands digit of 7808?
7
What is the hundreds digit of 2520?
5
What is the thousands digit of 8073?
8
What is the thousands digit of 2473?
2
What is the tens digit of 34999?
9
What is the hundreds digit of 648?
6
What is the thousands digit of 2843?
2
What is the hundreds digit of 2750?
7
What is the hundreds digit of 2787?
7
What is the tens digit of 2240?
4
What is the hundreds digit of 43787?
7
What is the units digit of 116?
6
What is the thousands digit of 23824?
3
What is the units digit of 2813?
3
What is the hundreds digit of 27446?
4
What is the hundreds digit of 2379?
3
What is the units digit of 48317?
7
What is the hundreds digit of 35643?
6
What is the ten thousands digit of 27434?
2
What is the thousands digit of 46117?
6
What is the hundreds digit of 801?
8
What is the units digit of 3045?
5
What is the thousands digit of 4707?
4
What is the hundreds digit of 694?
6
What is the hundreds digit of 1685?
6
What is the units digit of 6518?
8
What is the ten thousands digit of 10872?
1
What is the hundreds digit of 3548?
5
What is the thousands digit of 3745?
3
What is the tens digit of 2996?
9
What is the tens digit of 94?
9
What is the tens digit of 3362?
6
What is the thousands digit of 2392?
2
What is the thousands digit of 25239?
5
What is the ten thousands digit of 23162?
2
What is the units digit of 18?
8
What is the tens digit of 647?
4
What is the units digit of 466?
6
What is the thousands digit of 1859?
1
What is the thousands digit of 1371?
1
What is the tens digit of 1151?
5
What is the hundreds digit of 2735?
7
What is the ten thousands digit of 30794?
3
What is the ten thousands digit of 29111?
2
What is the units digit of 3841?
1
What is the thousands digit of 34017?
4
What is the hundreds digit of 39848?
8
What is the hundred thousands digit of 121568?
1
What is the hundreds digit of 386?
3
What is the tens digit of 1489?
8
What is the tens digit of 17407?
0
What is the hundreds digit of 2280?
2
What is the tens digit of 4545?
4
What is the units digit of 64?
4
What is the units digit of 23803?
3
What is the hundreds digit of 110?
1
What is the thousands digit of 1195?
1
What is the tens digit of 707?
0
What is the thousands digit of 3286?
3
What is the tens digit of 2032?
3
What is the units digit of 34541?
1
What is the thousands digit of 157675?
7
What is the thousands digit of 9624?
9
What is the tens digit of 8243?
4
What is the thousands digit of 30615?
0
What is the thousands digit of 55038?
5
What is the thousands digit of 37508?
7
What is the tens digit of 251?
5
What is the hundreds digit of 2751?
7
What is the tens digit of 6156?
5
What is the thousands digit of 144148?
4
What is the thousands digit of 13885?
3
What is the hundreds digit of 4008?
0
What is the units digit of 1390?
0
What is the thousands digit of 18264?
8
What is the hundreds digit of 182?
1
What is the units digit of 65740?
0
What is the units digit of 82240?
0
What is the tens digit of 5132?
3
What is the hundreds digit of 7292?
2
What is the units digit of 4651?
1
What is the units digit of 112673?
3
What is the thousands digit of 18234?
8
What is the hundreds digit of 1011?
0
What is the units digit of 4264?
4
What is the tens digit of 10778?
7
What is the hundreds digit of 3439?
4
What is the thousands digit of 2502?
2
What is the hundreds digit of 6230?
2
What is the tens digit of 33710?
1
What is the hundred thousands digit of 119989?
1
What is the hundreds digit of 132?
1
What is the units digit of 124?
4
What is the tens digit of 32467?
6
What is the thousands digit of 49851?
9
What is the hundreds digit of 310?
3
What is the units digit of 12434?
4
What is the tens digit of 29400?
0
What is the units digit of 51755?
5
What is the tens digit of 41749?
4
What is the hundreds digit of 4394?
3
What is the thousands digit of 14058?
4
What is the units digit of 10840?
0
What is the hundreds digit of 19764?
7
What is the hundreds digit of 3811?
8
What is the tens digit of 10?
1
What is the units digit of 1286?
6
What is the thousands digit of 9905?
9
What is the tens digit of 550?
5
What is the thousands digit of 1293?
1
What is the tens digit of 831?
3
What is the hundreds digit of 8748?
7
What is the thousands digit of 31730?
1
What is the units digit of 11986?
6
What is the units digit of 171?
1
What is the hundreds digit of 1609?
6
What is the hundreds digit of 922?
9
What is the thousands digit of 7783?
7
What is the units digit of 3713?
3
What is the hundreds digit of 2770?
7
What is the units digit of 59333?
3
What is the thousands digit of 12888?
2
What is the hundreds digit of 19493?
4
What is the hundreds digit of 6267?
2
What is the units digit of 2045?
5
What is the tens digit of 48760?
6
What is the units digit of 463?
3
What is the hundreds digit of 60559?
5
What is the thousands digit of 3464?
3
What is the ten thousands digit of 82770?
8
What is the ten thousands digit of 16534?
1
What is the hundreds digit of 23566?
5
What is the thousands digit of 51786?
1
What is the units digit of 624?
4
What is the hundreds digit of 11457?
4
What is the units digit of 8834?
4
What is the units digit of 27010?
0
What is the tens digit of 10193?
9
What is the units digit of 27781?
1
What is the tens digit of 17894?
9
What is the tens digit of 3447?
4
What is the thousands digit of 1300?
1
What is the hundreds digit of 41751?
7
What is the thousands digit of 3731?
3
What is the hundreds digit of 4782?
7
What is the thousands digit of 2413?
2
What is the tens digit of 547?
4
What is the thousands digit of 6002?
6
What is the units digit of 74768?
8
What is the units digit of 55284?
4
What is the thousands digit of 166976?
6
What is the units digit of 904?
4
What is the ten thousands digit of 51044?
5
What is the tens digit of 244?
4
What is the hundreds digit of 1482?
4
What is the hundreds digit of 9816?
8
What is the units digit of 74802?
2
What is the units digit of 47687?
7
What is the thousands digit of 158356?
8
What is the units digit of 1368?
8
What is the thousands digit of 1816?
1
What is the tens digit of 1339?
3
What is the ten thousands digit of 90533?
9
What is the units digit of 99505?
5
What is the units digit of 258?
8
What is the hundreds digit of 39210?
2
What is the ten thousands digit of 129279?
2
What is the hundreds digit of 6477?
4
What is the ten thousands digit of 70296?
7
What is the tens digit of 886?
8
What is the units digit of 27811?
1
What is the units digit of 33172?
2
What is the hundreds digit of 8662?
6
What is the hundreds digit of 3369?
3
What is the ten thousands digit of 55393?
5
What is the hundreds digit of 13651?
6
What is the units digit of 2603?
3
What is the units digit of 17040?
0
What is the hundreds digit of 473?
4
What is the units digit of 3?
3
What is the units digit of 12344?
4
What is the hundreds digit of 50